)?
-10
Let n(y) = -6*y**3 + y + 6*y**2 + 8*y**3 - y**3. Let t(h) = h + 5. Let q be t(-11). Calculate n(q).
-6
Let u be ((-1)/3)/(12 - (-4340)/(-360)). Let y(o) = -9*o**2 + 8*o - 12. Let v(j) = -4*j**2 + 4*j - 6. Let b(l) = 7*v(l) - 3*y(l). What is b(u)?
-18
Let u(o) = -o**2 + 6*o + 3. Let t = -19 + 32. Let l = 22 + -17. Suppose l*w - t = -3*m, 4*w + 2*m - 1 - 11 = 0. Determine u(w).
8
Let b(f) be the third derivative of f**6/120 - 3*f**5/20 - 4*f**3/3 - 230*f**2. Determine b(9).
-8
Let z(g) be the second derivative of -g**4/12 - g**3/6 - 5*g**2/2 - g. Let q be z(0). Let b(h) be the first derivative of -h**2/2 - 8*h - 18. Give b(q).
-3
Let g(i) = 4*i + 3. Let h = -354 + 359. Calculate g(h).
23
Suppose -2*p + 5*p - 24 = 0. Let l = -5 - -7. Let y(g) = -g**2 - 2*g - l + 0 + 1 - p*g**3. What is y(-1)?
8
Let m(q) = -q - 5. Suppose 0 = -57*n - 322 - 305. Give m(n).
6
Suppose 5*p - 5*s = 20, -8*p = -3*p - 4*s - 19. Let c(d) = p*d - 7 + 1 + 0*d - 4*d. What is c(-5)?
-1
Let n be 32/80 + (-4)/10. Suppose 3*w + 10 + 5 = n. Let h(d) = 0*d - 10 + 2 + 5 - d. Calculate h(w).
2
Let p(t) be the second derivative of 13*t**3/6 + t**2 - 79*t. Determine p(1).
15
Let i(s) = s**2 - 11*s + 19. Let z be i(9). Let c be 0/(z - -1) + 27/(-9). Let t(h) = 4*h**2 - 3*h**3 - 4 + 4*h**3 + 0*h**3 + 3*h. Calculate t(c).
-4
Let i(b) = -3 + 0 + 0*b - 491*b**2 + 492*b**2 + 2*b. Calculate i(-4).
5
Let h(u) = -7*u**2 - 6*u + 7. Let j(c) = 6*c**2 + 5*c - 6. Let p(a) = -4*h(a) - 5*j(a). What is p(3)?
-19
Let k be (0 + -2)*(2 + -3). Suppose 5*o + 4*c + 34 = -0*o, k*o - c = -11. Let p(r) = r**3 + 6*r**2 - 3*r - 9. Determine p(o).
9
Let u(v) = -v - 3. Let f be u(-6). Let h(r) = 5*r**2 - 3*r**2 + 2 + 3*r - 4*r**2 + f*r**2. Let w be h(-3). Let o(b) = -6*b + 2. Determine o(w).
-10
Let o(q) = q**3 - 8 + 6*q**2 + 7*q - 4*q**2 + 4*q**2 + q**2 + 0*q**2. Suppose -12 = 2*c - 0*c. Give o(c).
-14
Let m(p) = 60 - 2*p - 18 - 25 - 26. What is m(-9)?
9
Let q be ((-12)/48)/(2/(-16)) - 3. Let s(z) be the second derivative of 11*z**4/12 + z**3/6 + z**2/2 + 3*z. Give s(q).
11
Let t(u) = u + 5. Suppose -y - 5*y = -54. Let a = y - 9. What is t(a)?
5
Let t(h) = -h**3 + 8*h**2 - 2*h - 7. Let n(o) = -2*o**3 + 17*o**2 - 4*o - 15. Let w(p) = 3*n(p) - 7*t(p). Give w(3).
-8
Suppose -g + 4 = -5*g. Let z(b) be the third derivative of -13*b**6/120 + b**5/30 + b**4/12 + b**3/6 + 5*b**2 + 31*b. What is z(g)?
14
Let n(f) = f + 8. Suppose g - 2*r - 10 = -3, -3*g + 24 = -5*r. Suppose g*z + 28 = 9*z. Calculate n(z).
1
Let h(g) be the second derivative of -g**3/3 - 11*g**2/2 + g + 76. What is h(5)?
-21
Let x(j) = j**3 - 16*j**2 - 37*j + 17. Suppose -466 = 2*q - 502. Determine x(q).
-1
Let z = 16 + -8. Let j be z/(3 - 7) - -4. Let p(i) = -j*i + 0*i + 4 - i**2 + 2 - 4*i. Calculate p(-7).
-1
Suppose 9*s - 6 = 11*s. Let q be (-344)/(-40) - s/(-5). Let f(i) = i**3 - 8*i**2 - 2*i + 11. Give f(q).
-5
Let i(m) = -m**2 + 7*m + 3. Suppose 2*p = 3*q - 27, 11 = q - p + 1. Determine i(q).
3
Let v(k) be the second derivative of 1/3*k**3 + k**2 - 1 + 1/10*k**5 + 1/4*k**4 - 28*k. What is v(-2)?
-6
Let t(w) = 2*w**3 + 2*w**2 + 2*w + 2. Let u = 16 - 17. Let d = u - -4. Suppose 5*n + 4*q - 2*q = -2, -d*q + 14 = -n. Give t(n).
-10
Suppose -2*w - 6 = -3*w. Suppose 4*o + w = 18. Let r(n) = -16 - n + 28 - 16*n**o + n**2 - 11. Give r(1).
-15
Let j(o) be the second derivative of -2*o**3/3 - 5*o**2 - 9*o + 47. Let f = 1 - 9. Give j(f).
22
Let j(v) = -v**2 + 5*v + 5. Let g be j(6). Let u be (-14)/7 - 2*g. Let l(a) = -a**2 + 12. What is l(u)?
12
Let a(u) = u**3 - 5*u**2 + 5. Let s be (1 - -2) + 2/1. Suppose 3 = s*j - 17. What is a(j)?
-11
Let h(u) = u**3 - 11*u**2 + 3*u - 15. Let f(j) = 3*j**3 - 33*j**2 + 9*j - 45. Let s(x) = -2*f(x) + 7*h(x). Determine s(11).
18
Let p(a) be the second derivative of a**5/20 - a**2 + 68*a. Calculate p(2).
6
Let w(t) be the first derivative of t**4/4 + 2*t**3 + 3*t**2/2 + t - 96. Calculate w(-4).
21
Suppose -5*q - 45 = -4*a, -3 = -3*a + 3*q + 27. Let x(w) be the first derivative of 5/2*w**2 + 4/3*w**3 - 1/4*w**4 - 6*w - 6. What is x(a)?
-6
Let p = 11 + -11. Let u(k) = -1 + 6 - k + p + 0*k. Give u(-4).
9
Let f(q) be the third derivative of 1/60*q**5 - q**2 + 0 - 2/3*q**3 - 5/24*q**4 + 0*q. Let y(l) be the first derivative of f(l). Give y(4).
3
Let b(m) be the first derivative of 3*m**2/2 - 5*m - 550. What is b(3)?
4
Suppose m = -y, -3*y + 4*m - 10 = 4. Suppose 5 = u - 1. Let z(t) = 5*t + 2 - u + 7. What is z(y)?
-7
Let f(y) = 8 - 1 - 13 + 7*y + y**2 + 4. Let i be f(-9). Let t(o) = -i + 6 + 2*o**3 - 3*o**2 + o + 3 + 5. What is t(2)?
4
Let y(i) = i**2 + 2*i. Let t(u) = u**2 + 4*u. Let d(p) = 5*t(p) - 10*y(p). What is d(2)?
-20
Suppose 42 = 3*a - 0*a + 2*j, a + 2*j - 18 = 0. Let x(u) = 3 + u**2 - 1 - a*u - 3 + 5. Let z be x(12). Let f(l) = l**3 - 4*l**2 + 2*l - 3. What is f(z)?
5
Let d(a) = 5*a**3 - 7*a**2 - a - 2. Let m(n) = 8*n**3 - 13*n**2 - 2*n - 3. Let w(g) = -5*d(g) + 3*m(g). Suppose 3*j + 8 = -4. Calculate w(j).
5
Suppose s + 4 = 3*g, 3*s = -3*g + 49 - 13. Let u(m) = -m**2 + 9*m + 1. Let z(v) = -1. Let h(o) = -u(o) - 6*z(o). Determine h(s).
-3
Let u(a) = -a - 2. Let q(g) = g + 1. Suppose 4*t + 8 = 4. Let v(b) = t*u(b) - 2*q(b). Give v(-4).
4
Let l(s) = -2*s**2 - 6*s + 4. Suppose 17 = -5*x + 2. Let f(u) = -3*u**2 - 11*u + 7. Let r(y) = x*f(y) + 5*l(y). What is r(3)?
-1
Let f(q) = -q**2 - 2. Let m be f(3). Let r = -13 - m. Let z(u) = -u**3 - 3*u**2 + 2. Determine z(r).
-2
Let g(k) = 31*k - 145. Let w(z) = 17*z - 73. Let h(u) = -3*g(u) + 5*w(u). Calculate h(8).
6
Let x(t) = 2*t - 4. Suppose 0 = 10*q - 4*q - 18. Let f = 1 + q. Suppose -d - 5 = f*p + 6, -5*p - 3*d = 12. Determine x(p).
-10
Let o(t) = t**3 - 8*t**2 + 17*t - 6. Let b = -610 + 615. Determine o(b).
4
Suppose k + k - 92 = 0. Let v = 52 - k. Let s(j) be the third derivative of j**5/60 - j**4/6 + j**3/3 + j**2. Determine s(v).
14
Suppose -4*d + 12 = -8. Suppose -5*r - 4*s + 35 = 0, -5*s = -4*r + 33 - d. Let f(o) = o - 6. Calculate f(r).
1
Let b(t) = -t**3 - 24*t**2 - 36*t - 303. Let r be b(-23). Let k(j) be the second derivative of -j**4/6 - 5*j**3/6 - j**2 - j. Determine k(r).
-14
Let s(o) = o**3 - 2*o**2 + o - 4. Suppose d - 4 + 0 = 0. Let c(h) = -h**3 + h**2 + 1. Let g(i) = d*c(i) + s(i). Let x(w) = -w. Let v be x(1). Determine g(v).
4
Suppose 9*n = 8*n + 16. Suppose -t - 2*t = -27. Let b = t - n. Let m(u) = u**3 + 6*u**2 - 7*u + 3. Calculate m(b).
3
Let l(d) = 27*d**2 + d - 1. Suppose -6*x + 3*x + 13 = 2*s, 3*x + 4*s = 23. Determine l(x).
27
Let a(t) = 3 + 1 + 2 - t + 0. Let i(j) = -4*j + 23. Let y = -57 - -59. Let h(k) = y*i(k) - 9*a(k). Calculate h(6).
-2
Let b(z) be the third derivative of 1/12*z**4 + 0 - 2*z**2 - 1/20*z**5 + 0*z + 1/3*z**3. Determine b(2).
-6
Let s(t) = -t + 6. Let f be s(0). Let i(u) be the first derivative of 8 - 2*u**2 - u + 1/3*u**3. Give i(f).
11
Suppose 0 = -18*o + 16*o, g + 5*o = 10. Let r(d) = 2*d - 7. Determine r(g).
13
Let f(w) = 140*w + 8. Let s(u) = 13*u + 1. Let d(z) = -3*f(z) + 32*s(z). Determine d(5).
-12
Let d(y) = y + 9. Let k be d(-5). Let p(g) = 18 - 28 + 11. Let z(u) = -u - 6. Let x(c) = k*p(c) - z(c). What is x(0)?
10
Let a(t) = -2*t**3 - 10*t**2 - 6*t + 3. Let i = 916 - 920. Calculate a(i).
-5
Let m(g) = -3*g - 9. Let a = -182 + 176. What is m(a)?
9
Let v(b) = 31 + 25 + 35 - 86 - b. What is v(7)?
-2
Let h(p) = 15*p + 45. Let b(q) = 2*q + 1. Let g(f) = -9*b(f) + h(f). Calculate g(14).
-6
Let i(y) = -y - 7. Let p(t) be the third derivative of -t**5/60 - t**4/24 - 3*t**3/2 + t**2. Let u be 7/7 - (-2 - -3). Let o be p(u). Calculate i(o).
2
Let j(b) = -b**2 - 6*b - 4. Suppose 0 = 10*o - 15 - 25. Suppose 4*z + o = -20. Give j(z).
-4
Suppose -647*s + 654*s = 35. Let z(x) be the first derivative of -x**2/2 + 6*x - 1. Calculate z(s).
1
Let i(v) = v**3 - 9*v**2 - 5*v + 12. Let a(l) = -l**2 + 21*l - 89. Let t be a(7). Determine i(t).
-33
Let p = -14 + 17. Let g(b) = 5*b**2 - 5*b - 6. Let u(r) = 7*r**2 - 5*r - 7. Let j(s) = -3*g(s) + 2*u(s). Determine j(p).
10
Let x(o) = 2*o**3 - o**2 - o. Let g = 57 + -51. Let u be ((-40)/35)/(-4)*(1 + g). Determine x(u).
10
Let p(q) = 4*q**3 + q**2 - 1. Suppose -4*v - 7 = 1. Let j(a) = 6*a**2 - a - 1. Let h be j(v). Let r = -24 + h. Give p(r).
4
Let c(s) = -s**2 - 13*s + 13. Let y = 641 + 